{"id":24,"date":"2017-12-01T14:25:53","date_gmt":"2017-12-01T13:25:53","guid":{"rendered":"https:\/\/www.boesch-dages.de\/?page_id=24"},"modified":"2023-04-03T21:22:17","modified_gmt":"2023-04-03T19:22:17","slug":"honorare","status":"publish","type":"page","link":"https:\/\/www.boesch-dages.de\/index.php\/honorare\/","title":{"rendered":"Honorare"},"content":{"rendered":"<h2>Honorare &#8211; Was kosten Gutachten und Bewertungen von Immobilien?<\/h2>\n<p>Um es gleich vorwegzunehmen: wir haben keine Preisliste im klassischen Sinne, die wir Ihnen zur Verf\u00fcgung stellen k\u00f6nnen. Die Vielzahl der Objekte, die wir bewerten sowie die unterschiedlichen Anforderungen an voneinander abweichende Bewertungsanl\u00e4sse und ihr Dokumentationsumfang, machen es unm\u00f6glich, an dieser Stelle feste Honorargr\u00f6\u00dfen darzustellen.<\/p>\n<h2>Wir erstellen Ihnen ein individuelles Angebot<\/h2>\n<p>Wir bewerten unbebaute Grundst\u00fccke, Eigentumswohnungen, Einfamilienh\u00e4user, Mehrfamilienwohnh\u00e4user, Wohn- und Gesch\u00e4ftsh\u00e4user, B\u00fcroh\u00e4user und sonstige Gewerbe- und Industrieimmobilien. Wenn Sie an uns herantreten, erfragen wir die Eckpunkte, die wir kennen m\u00fcssen, um Ihr Objekt richtig einzusch\u00e4tzen.<\/p>\n<p>Meist k\u00f6nnen wir Ihnen schon am Telefon die H\u00f6he des Honorars nennen. Das Honorar versteht sich incl. aller Nebenkosten als Festpreis zzgl. Auslagen (z.B. Geb\u00fchren von \u00c4mtern und Beh\u00f6rden) zzgl. der gesetzlichen Umsatzsteuer (MwSt.) von derzeit 19 %.<\/p>\n<p>Die Honorierung von Gerichtsauftr\u00e4gen erfolgt nach dem JVEG (Justizverg\u00fctungs- und -Entsch\u00e4digungsgesetz).<\/p>\n<p>Wir freuen uns auf Ihre Anfrage. <a href=\"https:\/\/www.boesch-dages.de\/index.php\/kontakt\/\"><b>&gt; Bitte sprechen Sie pers\u00f6nlich mit uns.<\/b><\/a><\/p>","protected":false},"excerpt":{"rendered":"<p>Honorare &#8211; Was kosten Gutachten und Bewertungen von Immobilien? Um es gleich vorwegzunehmen: wir haben keine Preisliste im klassischen Sinne, die wir Ihnen zur Verf\u00fcgung stellen k\u00f6nnen. Die Vielzahl der Objekte, die wir bewerten sowie die unterschiedlichen Anforderungen an voneinander abweichende Bewertungsanl\u00e4sse und ihr Dokumentationsumfang, machen es unm\u00f6glich, an dieser Stelle feste Honorargr\u00f6\u00dfen darzustellen. Wir&#8230;<\/p>\n","protected":false},"author":1,"featured_media":0,"parent":0,"menu_order":0,"comment_status":"closed","ping_status":"closed","template":"","meta":{"footnotes":""},"class_list":["post-24","page","type-page","status-publish","hentry"],"_links":{"self":[{"href":"https:\/\/www.boesch-dages.de\/index.php\/wp-json\/wp\/v2\/pages\/24","targetHints":{"allow":["GET"]}}],"collection":[{"href":"https:\/\/www.boesch-dages.de\/index.php\/wp-json\/wp\/v2\/pages"}],"about":[{"href":"https:\/\/www.boesch-dages.de\/index.php\/wp-json\/wp\/v2\/types\/page"}],"author":[{"embeddable":true,"href":"https:\/\/www.boesch-dages.de\/index.php\/wp-json\/wp\/v2\/users\/1"}],"replies":[{"embeddable":true,"href":"https:\/\/www.boesch-dages.de\/index.php\/wp-json\/wp\/v2\/comments?post=24"}],"version-history":[{"count":6,"href":"https:\/\/www.boesch-dages.de\/index.php\/wp-json\/wp\/v2\/pages\/24\/revisions"}],"predecessor-version":[{"id":133,"href":"https:\/\/www.boesch-dages.de\/index.php\/wp-json\/wp\/v2\/pages\/24\/revisions\/133"}],"wp:attachment":[{"href":"https:\/\/www.boesch-dages.de\/index.php\/wp-json\/wp\/v2\/media?parent=24"}],"curies":[{"name":"wp","href":"https:\/\/api.w.org\/{rel}","templated":true}]}}