{"id":16,"date":"2017-12-01T14:24:18","date_gmt":"2017-12-01T13:24:18","guid":{"rendered":"https:\/\/www.boesch-dages.de\/?page_id=16"},"modified":"2023-04-06T14:34:11","modified_gmt":"2023-04-06T12:34:11","slug":"qualifikation","status":"publish","type":"page","link":"https:\/\/www.boesch-dages.de\/index.php\/qualifikation\/","title":{"rendered":"Unsere Qualifikation"},"content":{"rendered":"<h2>\u00d6ffentliche Bestellung und Vereidigung<\/h2>\n<p><strong>\u00d6ffentlich bestellt und vereidigt<\/strong> werden nur Fachleute mit nachgewiesener und herausragender Qualifikation. Sie m\u00fcssen sich zur Erlangung der \u00f6ffentlichen Bestellung einem aufw\u00e4ndigen Pr\u00fcfungsverfahren zum Nachweis der besonderen Sachkunde unterziehen. Danach steht ihre Arbeit unter st\u00e4ndiger Aufsicht der beauftragten Bestellungsk\u00f6rperschaft.<\/p>\n<p>Deshalb genie\u00dfen Gutachten von \u00f6ffentlich bestellten und vereidigten Sachverst\u00e4ndigen bei Gerichten, Banken und Beh\u00f6rden eine besondere Glaubw\u00fcrdigkeit.<\/p>\n<h2>Diplom-Sachverst\u00e4ndige (DIA)<\/h2>\n<p>Der Studiengang zum <b>Diplom-Sachverst\u00e4ndigen (DIA)<\/b> f\u00fcr die Bewertung bebauter und unbebauter Grundst\u00fccke, f\u00fcr Mieten und Pachten umfasst vier Studiensemester sowie zwei weitere Semester f\u00fcr den Abschluss &#8220; und f\u00fcr Sch\u00e4den an Geb\u00e4uden&#8220;. Die fachlichen Inhalte erstrecken sich auf wirtschaftliche, rechtliche und technische Bereiche sowie zus\u00e4tzlich auf die Bewertung von Bausch\u00e4den.<\/p>\n<h2>Zertifizierung nach DIN EN ISO\/IEC 17024<\/h2>\n<p><b>Von globaler Bedeutung ist die Zertifizierung nach DIN EN ISO\/IEC 17024 <\/b><\/p>\n<p>Die <b>Zertifizierung nach DIN EN ISO\/IEC 17024<\/b> ist als Qualit\u00e4tsstandard auf internationaler Ebene anerkannt. Die nach dieser Norm zertifizierten Sachverst\u00e4ndigen m\u00fcssen sich fortlaufenden \u00dcberpr\u00fcfungen unterziehen und die Aktualit\u00e4t ihres Fachwissens durch den Besuch von j\u00e4hrlichen Weiterbildungsveranstaltungen und Seminaren belegen.<\/p>\n<p>Ein Sachverst\u00e4ndiger, der durch eine nach <strong>DIN EN ISO\/IEC 17024<\/strong> akkreditierte Zertifizierungsstelle zertifiziert wurde, genie\u00dft damit eine europaweite Anerkennung seiner Kompetenz.<\/p>\n<p>Die Zertifizierung kann nur durch ein Pr\u00fcfverfahren bei einem akkreditierten Pr\u00fcfinstitut erlangt werden. Nach der Zertifizierung unterliegt der zertifizierte Sachverst\u00e4ndige einer j\u00e4hrlichen \u00dcberwachung durch die Zertifizierungsstelle. Dies garantiert, dass der gem\u00e4\u00df ISO 17024 zertifizierte Sachverst\u00e4ndige von seinem Niveau und von der Aktualit\u00e4t seines Fachwissens h\u00f6chsten Anspr\u00fcchen gen\u00fcgt.<\/p>\n<h2>International Appraiser (DIA)<\/h2>\n<p>Mit dem Aufbaustudiengang zum <b>International Appraiser (DIA)<\/b> erfolgt die Ausweitung der Beurteilung von Immobilieninvestitionen auf internationalen M\u00e4rkten. Umfassende Kenntnis der Basisdaten sowie der multilateralen rechtlichen, steuerlichen und gesamtwirtschaftlichen Rahmenbedingungen geh\u00f6ren hier ebenso dazu, wie die Anwendung internationaler Bewertungsvorschriften.<\/p>","protected":false},"excerpt":{"rendered":"<p>\u00d6ffentliche Bestellung und Vereidigung \u00d6ffentlich bestellt und vereidigt werden nur Fachleute mit nachgewiesener und herausragender Qualifikation. Sie m\u00fcssen sich zur Erlangung der \u00f6ffentlichen Bestellung einem aufw\u00e4ndigen Pr\u00fcfungsverfahren zum Nachweis der besonderen Sachkunde unterziehen. Danach steht ihre Arbeit unter st\u00e4ndiger Aufsicht der beauftragten Bestellungsk\u00f6rperschaft. Deshalb genie\u00dfen Gutachten von \u00f6ffentlich bestellten und vereidigten Sachverst\u00e4ndigen bei Gerichten, Banken&#8230;<\/p>\n","protected":false},"author":1,"featured_media":0,"parent":0,"menu_order":0,"comment_status":"closed","ping_status":"closed","template":"","meta":{"footnotes":""},"class_list":["post-16","page","type-page","status-publish","hentry"],"_links":{"self":[{"href":"https:\/\/www.boesch-dages.de\/index.php\/wp-json\/wp\/v2\/pages\/16","targetHints":{"allow":["GET"]}}],"collection":[{"href":"https:\/\/www.boesch-dages.de\/index.php\/wp-json\/wp\/v2\/pages"}],"about":[{"href":"https:\/\/www.boesch-dages.de\/index.php\/wp-json\/wp\/v2\/types\/page"}],"author":[{"embeddable":true,"href":"https:\/\/www.boesch-dages.de\/index.php\/wp-json\/wp\/v2\/users\/1"}],"replies":[{"embeddable":true,"href":"https:\/\/www.boesch-dages.de\/index.php\/wp-json\/wp\/v2\/comments?post=16"}],"version-history":[{"count":10,"href":"https:\/\/www.boesch-dages.de\/index.php\/wp-json\/wp\/v2\/pages\/16\/revisions"}],"predecessor-version":[{"id":301,"href":"https:\/\/www.boesch-dages.de\/index.php\/wp-json\/wp\/v2\/pages\/16\/revisions\/301"}],"wp:attachment":[{"href":"https:\/\/www.boesch-dages.de\/index.php\/wp-json\/wp\/v2\/media?parent=16"}],"curies":[{"name":"wp","href":"https:\/\/api.w.org\/{rel}","templated":true}]}}